late -9 - (-8 - -1) - (-1 + 0).
-1
What is 0 + (-3 + 6 - 6) - -9?
6
Calculate -13 + 25 + (-2 - 18).
-8
Evaluate -3 + 5 + (1 - 1) + -4.
-2
Calculate 7 + (-19 - -10) + -3.
-5
4 + (-4 - (-4 - -1) - 1)
2
What is 4 + -2 - (29 + -23)?
-4
What is (0 - 4) + 10 + -18 + 8?
-4
Evaluate 3 - (-5 - (-7 - 0)).
1
Evaluate 3 + (7 - 13) - (-1 + -1).
-1
What is the value of (1 + -7 - -6) + -1 + -1?
-2
Calculate 2 - (-5 - 2) - 3.
6
Calculate -1 + 1 + -3 + 1 + 1.
-1
(4 - (1 - 0 - -1)) + -6
-4
What is the value of 2 + -3 - ((0 - -3) + -1)?
-3
What is -3 + 3 + 4 - 3?
1
Evaluate 3 + -4 + 2 - (5 + -2).
-2
Evaluate 8 - (9 + 1 + -1).
-1
What is -5 + 5 + 3 - -2?
5
What is the value of (0 - -3) + 5 + -8?
0
2 + 1 - 1 - (35 + -36)
3
What is -26 + 8 + 24 + -1 + -1?
4
9 + (-3 - -3) - (11 - 9)
7
What is (1 - 8) + (-9 + 6 - -5)?
-5
5 - 0 - (-1 + 3)
3
(-3 - (6 - 3)) + 7
1
Calculate 3 + 4 + -4 - (-3 + 1).
5
Calculate -3 - ((-1 - -3) + -2 + -5).
2
13 + 3 + -6 + -9
1
Calculate 5 + -3 + -4 - (-5 + 5).
-2
Calculate (-2 - (1 - 4) - 5) + 2.
-2
-4 - (-1 - (5 - 3) - -1)
-2
What is 3 + (1 - (1 - (-2 + 2)))?
3
-1 - (-3 + 6 + 1)
-5
7 + 1 + (-7 - -6)
7
Evaluate -6 + 0 + 2 + 3.
-1
-7 - (-8 - -10 - 21 - -5)
7
What is the value of (1 - 1) + (-3 - -2) + 0?
-1
Evaluate -3 - -6 - (-2 - 1 - -2).
4
Calculate -1 - -4 - ((13 - 5) + -6).
1
Evaluate 9 - (3 - (-6 + 3)).
3
-8 + 13 + (-10 - 1) + 4
-2
What is 5 + -12 + 4 + 2?
-1
What is the value of 5 + -14 - (-5 + -8)?
4
Calculate 2 + -1 + 2 + -12 + 12.
3
Evaluate 0 + 0 - (14 + -2 + -9).
-3
-3 + 1 + 3 + 2
3
What is 2 + -5 + -1 + -3 + 5?
-2
Calculate -26 + 15 - (-5 + -3).
-3
Calculate 6 + -4 + -5 + -4 + 11.
4
Calculate 0 + 1 + 1 + 7 + -11.
-2
What is the value of -1 - -2 - (-6 - -11)?
-4
Calculate 4 - (-1 + 0) - 4.
1
What is 0 - (-6 - -8 - -2)?
-4
(22 - 12) + 5 - 6
9
What is the value of (-9 - -7) + (6 - 1)?
3
Evaluate 1 + 2 - (3 + -1 - 0).
1
What is the value of -55 - -47 - (-7 + 2)?
-3
What is the value of -1 + 4 + (-42 - -35)?
-4
Calculate -11 - (4 - (25 - 0)).
10
0 - (5 - 5) - (3 + 1)
-4
What is the value of 1 - -5 - (2 + -3 + 3)?
4
-3 - 2 - 2 - -5
-2
-14 + 12 + (-3 - (0 + -1))
-4
-3 + -1 + 2 - -2
0
0 + 6 - (10 + -6) - -1
3
What is -2 + (6 - -3) + -2?
5
Evaluate 4 - (7 - (-3 - -9)).
3
What is the value of -8 + (-4 - -5) + 7?
0
Evaluate (-83 - -87) + 0 + -5 + 0.
-1
What is the value of 3 - (4 - (-1 + -1))?
-3
Evaluate (284 - 279) + (-1 - 0) + -2.
2
What is (-1 - 7) + 0 + 5?
-3
What is the value of -8 + 19 + -14 - (1 + 0)?
-4
What is (3 + 0 - 8) + 7?
2
Evaluate -10 + (-4 - -15) - 3.
-2
1 + ((5 - 2) + -2 - 0)
2
Calculate 2 + -2 - (-11 + 9).
2
Evaluate 58 + -44 + (-13 - 1).
0
What is 1 - 2 - (8 - (0 - -4))?
-5
What is the value of 9 - 5 - (0 - -2)?
2
Calculate (-2 - -2) + (0 - 0).
0
What is -8 + (-2 - -6) - (-2 - 4)?
2
Calculate -4 + 3 + -2 + 5.
2
Calculate 1 - 10 - (-5 + -1).
-3
What is 13 + (1 - 9) - (2 - 1)?
4
What is 3 + -10 + (-3 - -11 - 4)?
-3
8 + -13 + (0 - 1)
-6
Calculate -4 + -5 + -3 + 14.
2
What is the value of 1 + (-7 - -14 - 10)?
-2
Evaluate 5 - 1 - (10 - 11).
5
What is 12 + 4 + -5 - 8?
3
What is the value of 7 - ((-2 - -3) + -3 - -11)?
-2
What is 0 + -3 + 2 + 0?
-1
Calculate -2 + (-12 + 5 + 0 - -13).
4
-4 - (-13 + (-1 - -5))
5
-4 + 1 + 3 + -4 + -1
-5
What is the value of 0 - (-12 - -6) - (2 - -4)?
0
Calculate (0 - 0) + (-6 - -6) - 2.
-2
What is -5 - 3 - (-11 + 9)?
-6
Evaluate -4 + -3 - (-1 + -1).
-5
(0 - 0) + (3 - 2 - -3)
4
What is 1 + (-8 - (-8 - (6 + -12)))?
-5
What is the value of (-4 - -8) + -2 + 4 + -3?
3
Evaluate (-8 - 2) + 104 + -90.
4
What is the value of 0 + -1 + (-2 - -3)?
0
Evaluate -10 - 8 - -9 - -3.
-6
What is the value of -1 + -1 + -2 - 0?
-4
10 - ((-1 - -10) + 8)
-7
14 - 17 - (-1 + 1 + -3)
0
Calculate (-10 - -1) + 7 + (5 - 8).
-5
What is the value of -1 + (2 - 5) + 2?
-2
Calculate (0 - (4 + 2)) + 14.
8
What is the value of -14 + 1 + 1 - (39 + -44)?
-7
Calculate (-18 - -4) + 7 - -7.
0
-9 + 8 + -4 + 0
-5
What is -2 - 1 - (-4 - (1 - 3))?
-1
What is the value of 4 - ((1 - 1) + 0 + 2)?
2
What is the value of 2 + (-1 + -2 - -3)?
2
Evaluate 7 + 5 - 8 - (-1 + 1).
4
What is -4 + 5 + (-6 - 1) + 4?
-2
What is the value of 0 + 0 + 16 + -27 + 19?
8
Calculate (9 - (-7 - -5)) + -4.
7
What is the value of 4 - (6 - (-2 + -1))?
-5
What is the value of 1 - 3 - (-1 - 0 - -2)?
-3
Evaluate (-12 - (-13 + -19)) + -13.
7
(-2 - -1) + -2 - (0 - 0)
-3
Evaluate -3 + (-2 - -2) - (0 + 1).
-4
Calculate (15 - 12) + (3 - (1 - 0)).
5
Evaluate (3 - 3) + 0 + -5.
-5
Evaluate 11 + -4 - (0 - (-2 - 0)).
5
Evaluate (-8 - (-8 - (-8 + 12))) + -2.
2
What is -7 - (15 + -8 + -11)?
-3
Calculate 0 - (-2 + -3 + 4).
1
What is -35 - -36 - (1 + 3)?
-3
Calculate (0 - -1 - (12 - 10)) + 2.
1
What is the value of -1 - -1 - ((-9 - -4) + 4)?
1
Evaluate 2 - 2 - -6 - (11 + 0).
-5
-3 + (9 - 2 - (6 - 2))
0
What is 10 + -3 + -20 + 14?
1
Calculate 4 + 2 + (-15 - -12).
3
What is -3 + -3 - (10 + -17)?
1
What is the value of 5 + -2 - (3 - 1 - -2)?
-1
7 - ((3 - 2) + 3)
3
What is -4 + (-12 + 6 - -18)?
8
What is the value of 19 + -3 + (0 - 8)?
8
What is -14 + 4 + 2 + 1?
-7
What is (-7 + 5 - (-4 + 6)) + 0?
-4
What is -4 - (-12 - -3) - 3 - 4?
-2
Evaluate -16 + 4 + (18 - 8).
-2
Evaluate 12 - 8 - (-5 + (6 - 1)).
4
What is the value of 0 + 2 + (3 - 2 - -2)?
5
What is 5 + (-4 - 0) + 3 - 3?
1
What is the value of (12 - 13) + -5 - -11?
5
Evaluate -3 + 2 - 3 - 0.
-4
What is 1 + 2 + 4 + -5?
2
Evaluate -10 + 16 + -1 + -14.
-9
What is -2 + 3 + -2 - (13 - 12)?
-2
Evaluate -4 + (4 + -7 - (2 + -5)).
-4
Calculate 3 - ((-4 - -4) + -2).
5
Evaluate -9 + 4 + 9 - -1.
5
17 + 4 + -13 - 2
6
-10 + (2 - -2) - -5
-1
Evaluate (-1 + 0 - (13 - 15)) + 0.
1
What is (1 - -5) + (-3 - (-3 - 0))?
6
Calculate -16 + (-3 - -9) + 17.
7
What is -3 + -1 - (-5 + 2)?
-1
What is 0 + 3 - 6 - -2?
-1
2 + (-2 - 0) + 0 + -2
-2
Evaluate 14 - 8 - -3 - 9.
0
7 + -5 + -7 - 1
-6
-6 - ((12 - 17) + 4)
-5
What is -3 - 1 - (-2 + (1 - 4))?
1
Calculate -5 + 14 + 4 + -6 + -12.
-5
(2 - (15 + -9)) + 5
1
-7 - -1 - (-13 + 3)
4
3 + 3 + (5 - 13)
-2
What is the value of -4 + 0 - (2 + -7 + 3)?
-2
Calculate 34 - 24 - (6 + 2).
2
Calculate -2 + (0 - 1) + -14 + 20.
3
What is -3 - (-5 + 3 + (-1 - 0))?
0
Evaluate -6 + 3 - (12 - 17).
2
-8 - -3 - (-6 + (-6 - -6))
1
Evaluate (-4 - -6 - 9) + 2.
-5
What is 7 - (8 + 1 + -4)?
2
(21 - 19) + (-6 - -2)
-2
9 + 1 - (14 + (-6 - 4))
6
Calculate (27 - 40) + (5 - -1).
-7
What is 4 - (0 + -6 + 11)?
-1
Evaluate 5 + (-1 - 10) + 8.
2
Evaluate -7 - (-8 - -3) - 2.
-4
What is the value of (-13 - -9) + 0 + -4 + 15?
7
-2 + 0 - -7 - (-10 - -13)
2
Evaluate (4 - 7) + -1 - (1 + -1).
-4
Evaluate 4 + -1 - -1 - (1 - 1).
4
What is the value of (8 - 13) + (2 - -2)?
-1
Evaluate -2 + (-4 - (-1 - 4)).
-1
(2 - 0) + (-4 - -6 - 0)
4
Calculate -2 - -6 - -1 - 10.
-5
Calculate (-14 - -4) + 5 + -5 + 12.
2
What is 8 + -11 + 3 + 3?
3
Calculate (0 - 1) + (-13 - -13).
-1
Calculate 7 + 8 + -6 + -10.
-1
What is (4 + -1 + -5 - 0) + 5?
3
What is the value of -8 - ((2 - (4 - 0)) + -1)?
-5
Evaluate (-6 - -1) + (-39 - -43).
-1
What is the value of 6 - (1 - (-10 + 5))?
0
Evaluate -2 + (2 - 9 - -4) + -1.
-6
What is the value of -7 - (10 + -4 + -6)?
-7
Evaluate 0 - -6 - (7 + -8 + 2).
5
What is (-4 - -4 - 1 - 2) + 0?
-3
What is 2 + (5 - -1) - (-3 - -8)?
3
Calculate -4 + -5 + (20 - 5).
6
Calculate -33 - -38 - (1 + 0 + 10).
-6
What is the value of (2 - 2) + -1 + 1 - -3?
3
Evaluate -2 + 7 + 1 + (44 - 49).
1
Evaluate -3 - (3 + -3 + -6 + 7).
-4
What is -5 - (-4 - 0) - (-1 - 0)?
0
(4 - 4) + (0 - -2) + -1
1
What is (-4 - (-8 + 3)) + (5 - 10)?
-4
Calculate -4 - 2 - (-5 + (-3 - -4)).
-2
(-2 + 7 - 0) + -3
2
What is -3 - (0 + 4 + (6 - 19))?
6
Evaluate -1 - (11 - 5) - 0.
-7
6 + -18 - -7 - (1 - 1)
-5
Evaluate (-33 + 36 - (-1 + 0)) + -6.
-2
Evaluate (4 - 16) + 16 + -13.
-9
Evaluate 3 - (-7 + 5 - (0 + -1)).
4
(-3 - -1) + -26 + 23
-5
Evaluate 14 + -15 - (0 - 3).
2
Evaluate 7 + (1 - (0 - -3)).
5
What is -5 + (-4 - (-2 - 1))?
-6
What is the value of 6 + -4 + 0 + 2?
4
What is 2 - (3 + 0 - 1)?
0
What is the value of (-2 + -1 - 1) + 8 - -1?
5
Calculate -4 + (8 - (9 + -4)).
-1
Calculate 3 + 14 - 7 - 5.
5
Calculate 0 - -7 - (5 - 2).
4
What is (-2 - -4) + -1 + -25 + 19?
-5
(5 - (-2 - -5)) + -1 + 3
4
What is the value of -183 - -184 - (0 + -1 + -4)?
6
What is the value of 4 - (-3 - (1 + -4))?
4
What is